at is the ten millions digit of 5584878415?
8
What is the tens digit of 25058328?
2
What is the hundred millions digit of 162762805?
1
What is the hundreds digit of 45817611?
6
What is the ten thousands digit of 189098066?
9
What is the tens digit of 2600427?
2
What is the millions digit of 6697322?
6
What is the millions digit of 127106245?
7
What is the hundred thousands digit of 108892051?
8
What is the tens digit of 4649086?
8
What is the tens digit of 1563473972?
7
What is the thousands digit of 20376747?
6
What is the tens digit of 6778447?
4
What is the thousands digit of 2906204810?
4
What is the units digit of 1754981954?
4
What is the millions digit of 549724094?
9
What is the ten thousands digit of 155782503?
8
What is the thousands digit of 2051358287?
8
What is the hundred millions digit of 769355728?
7
What is the tens digit of 720484827?
2
What is the thousands digit of 529015053?
5
What is the millions digit of 2009215038?
9
What is the ten thousands digit of 1419767426?
6
What is the millions digit of 104383093?
4
What is the millions digit of 75567035?
5
What is the tens digit of 480587960?
6
What is the hundred thousands digit of 52124825?
1
What is the ten thousands digit of 4323519709?
1
What is the millions digit of 2167493362?
7
What is the hundred millions digit of 145120928?
1
What is the ten thousands digit of 359956085?
5
What is the hundred millions digit of 2933046889?
9
What is the ten thousands digit of 4829347197?
4
What is the hundred thousands digit of 14712959?
7
What is the units digit of 457421418?
8
What is the units digit of 21898624?
4
What is the hundred thousands digit of 150049713?
0
What is the hundreds digit of 17944307?
3
What is the hundred thousands digit of 295812356?
8
What is the ten millions digit of 66330792?
6
What is the thousands digit of 181770663?
0
What is the units digit of 46068725?
5
What is the tens digit of 615907932?
3
What is the thousands digit of 144985295?
5
What is the ten millions digit of 52505856?
5
What is the millions digit of 670868619?
0
What is the thousands digit of 815025917?
5
What is the hundred millions digit of 552785223?
5
What is the units digit of 148375529?
9
What is the hundred thousands digit of 189208954?
2
What is the hundred thousands digit of 206160707?
1
What is the millions digit of 31921933?
1
What is the hundreds digit of 4194352934?
9
What is the hundred millions digit of 2251835512?
2
What is the ten thousands digit of 19691080?
9
What is the hundreds digit of 168323249?
2
What is the billions digit of 3510355864?
3
What is the ten millions digit of 86640166?
8
What is the hundred thousands digit of 119701759?
7
What is the millions digit of 981261507?
1
What is the hundred millions digit of 469211078?
4
What is the units digit of 26901091?
1
What is the millions digit of 116364191?
6
What is the hundreds digit of 78118905?
9
What is the ten thousands digit of 54849920?
4
What is the tens digit of 4139196868?
6
What is the tens digit of 46513276?
7
What is the ten thousands digit of 15620817?
2
What is the hundreds digit of 1736013265?
2
What is the ten millions digit of 821104789?
2
What is the hundred thousands digit of 2237620534?
6
What is the ten thousands digit of 24606532?
0
What is the tens digit of 1026982839?
3
What is the tens digit of 23296888?
8
What is the ten millions digit of 345593745?
4
What is the hundred thousands digit of 3570105259?
1
What is the hundreds digit of 296611494?
4
What is the ten millions digit of 55068587?
5
What is the hundred millions digit of 273139110?
2
What is the tens digit of 111898703?
0
What is the hundred millions digit of 2766605776?
7
What is the units digit of 375264117?
7
What is the millions digit of 369565940?
9
What is the millions digit of 121711292?
1
What is the thousands digit of 85674206?
4
What is the thousands digit of 122712639?
2
What is the thousands digit of 396871395?
1
What is the ten millions digit of 42969640?
4
What is the ten millions digit of 28189169?
2
What is the tens digit of 155275429?
2
What is the billions digit of 4975542365?
4
What is the millions digit of 439969574?
9
What is the ten thousands digit of 70018827?
1
What is the tens digit of 6490728?
2
What is the hundred thousands digit of 918271601?
2
What is the hundred thousands digit of 2920863571?
8
What is the ten millions digit of 36456585?
3
What is the ten thousands digit of 983290887?
9
What is the thousands digit of 4874290419?
0
What is the hundred thousands digit of 42866613?
8
What is the units digit of 1980325839?
9
What is the ten thousands digit of 153287707?
8
What is the millions digit of 4165911242?
5
What is the hundred thousands digit of 595750191?
7
What is the ten millions digit of 65014531?
6
What is the millions digit of 1224533646?
4
What is the hundreds digit of 218453884?
8
What is the ten millions digit of 2693065969?
9
What is the hundreds digit of 116325116?
1
What is the millions digit of 31652599?
1
What is the hundred thousands digit of 34571937?
5
What is the hundred millions digit of 1774781818?
7
What is the thousands digit of 68022852?
2
What is the hundred thousands digit of 240838419?
8
What is the millions digit of 1515599243?
5
What is the hundreds digit of 490820238?
2
What is the hundreds digit of 130325831?
8
What is the thousands digit of 1143574865?
4
What is the hundreds digit of 94634434?
4
What is the hundred thousands digit of 884150669?
1
What is the units digit of 98585954?
4
What is the hundred thousands digit of 4334291?
3
What is the ten millions digit of 118943751?
1
What is the millions digit of 1464087207?
4
What is the hundreds digit of 284252095?
0
What is the hundreds digit of 46214239?
2
What is the units digit of 88584983?
3
What is the tens digit of 437363413?
1
What is the thousands digit of 1309666572?
6
What is the tens digit of 1158999792?
9
What is the hundreds digit of 304031347?
3
What is the hundred thousands digit of 228223841?
2
What is the units digit of 7813685768?
8
What is the ten millions digit of 216453750?
1
What is the thousands digit of 46628177?
8
What is the ten thousands digit of 170082170?
8
What is the ten millions digit of 394690628?
9
What is the units digit of 280097089?
9
What is the tens digit of 58242379?
7
What is the hundred thousands digit of 303673903?
6
What is the thousands digit of 126291738?
1
What is the hundreds digit of 3937158622?
6
What is the millions digit of 1293590897?
3
What is the ten millions digit of 190653888?
9
What is the hundred thousands digit of 139033729?
0
What is the ten millions digit of 1377004410?
7
What is the hundred thousands digit of 305104086?
1
What is the hundreds digit of 5751019773?
7
What is the hundred thousands digit of 2334708?
3
What is the hundred thousands digit of 40292490?
2
What is the hundred millions digit of 154090596?
1
What is the thousands digit of 319546370?
6
What is the units digit of 44364517?
7
What is the billions digit of 3707323120?
3
What is the tens digit of 365380556?
5
What is the tens digit of 742346084?
8
What is the tens digit of 263654750?
5
What is the ten thousands digit of 83815088?
1
What is the ten thousands digit of 974636394?
3
What is the hundreds digit of 849340559?
5
What is the units digit of 1076536971?
1
What is the hundred thousands digit of 5775481739?
4
What is the ten thousands digit of 4425009018?
0
What is the millions digit of 108779539?
8
What is the units digit of 294818250?
0
What is the millions digit of 78253781?
8
What is the hundred millions digit of 1710831419?
7
What is the units digit of 114999608?
8
What is the hundred millions digit of 847914487?
8
What is the millions digit of 71604546?
1
What is the thousands digit of 3658810783?
0
What is the units digit of 387121752?
2
What is the hundred thousands digit of 7523010094?
0
What is the ten thousands digit of 4275980150?
8
What is the tens digit of 16463086?
8
What is the millions digit of 621124708?
1
What is the hundreds digit of 7404461972?
9
What is the tens digit of 157849794?
9
What is the hundreds digit of 128673022?
0
What is the millions digit of 1512570365?
2
What is the units digit of 12967490?
0
What is the hundred millions digit of 1336466913?
3
What